9
What are the prime factors of 565534?
2, 282767
What are the prime factors of 219615?
3, 5, 11
What are the prime factors of 89688?
2, 3, 37, 101
List the prime factors of 15648909.
3, 5216303
What are the prime factors of 660346?
2, 41, 8053
What are the prime factors of 430184?
2, 53773
List the prime factors of 2191280.
2, 5, 7, 13, 43
What are the prime factors of 922209?
3, 73, 4211
List the prime factors of 40644251.
40644251
List the prime factors of 1163681.
907, 1283
What are the prime factors of 17704976?
2, 607, 1823
List the prime factors of 896245.
5, 7, 29, 883
List the prime factors of 3959638.
2, 19, 79, 1319
List the prime factors of 137687.
11, 12517
List the prime factors of 416463.
3, 138821
What are the prime factors of 1054234?
2, 19, 27743
List the prime factors of 1229519.
1229519
What are the prime factors of 795465?
3, 5, 11, 1607
What are the prime factors of 449429?
17, 26437
What are the prime factors of 1100703?
3, 366901
What are the prime factors of 1363639?
353, 3863
List the prime factors of 19010596.
2, 11, 432059
What are the prime factors of 292230?
2, 3, 5, 17, 191
List the prime factors of 64780.
2, 5, 41, 79
What are the prime factors of 526727?
29, 41, 443
What are the prime factors of 9796266?
2, 3, 109, 4993
List the prime factors of 19352375.
5, 7, 17, 1301
What are the prime factors of 368170?
2, 5, 11, 3347
What are the prime factors of 184683?
3, 61561
List the prime factors of 5638136.
2, 7, 19, 757
What are the prime factors of 1573178?
2, 786589
What are the prime factors of 247595?
5, 23, 2153
What are the prime factors of 4075042?
2, 467, 4363
What are the prime factors of 9696053?
47, 206299
List the prime factors of 430142.
2, 449, 479
What are the prime factors of 1449066?
2, 3, 241511
What are the prime factors of 509609?
17, 31, 967
What are the prime factors of 27391915?
5, 5478383
List the prime factors of 25071778.
2, 1913, 6553
What are the prime factors of 2002753?
17, 117809
List the prime factors of 94256.
2, 43, 137
What are the prime factors of 176335?
5, 35267
What are the prime factors of 188876?
2, 23, 2053
What are the prime factors of 1429326?
2, 3, 17, 173
What are the prime factors of 857039?
857039
List the prime factors of 350525.
5, 7, 2003
List the prime factors of 25324150.
2, 5, 19, 23, 61
What are the prime factors of 2372199?
3, 790733
What are the prime factors of 2812341?
3, 7, 157, 853
What are the prime factors of 3684249?
3, 151, 2711
What are the prime factors of 23218872?
2, 3, 17, 56909
List the prime factors of 30268802.
2, 107, 141443
List the prime factors of 23819.
23819
What are the prime factors of 15476?
2, 53, 73
What are the prime factors of 2054830?
2, 5, 205483
List the prime factors of 21519540.
2, 3, 5, 7, 5693
What are the prime factors of 317845?
5, 11, 5779
List the prime factors of 3256351.
7, 647, 719
What are the prime factors of 21449836?
2, 883, 6073
List the prime factors of 4373765.
5, 11, 281, 283
What are the prime factors of 2073074?
2, 1036537
List the prime factors of 9934771.
7, 11, 129023
What are the prime factors of 3469502?
2, 29, 41, 1459
What are the prime factors of 14747788?
2, 11, 571, 587
What are the prime factors of 718142?
2, 131, 2741
List the prime factors of 23323290.
2, 3, 5, 59, 13177
What are the prime factors of 7112640?
2, 3, 5, 31, 239
List the prime factors of 3300760.
2, 5, 179, 461
List the prime factors of 7134950.
2, 5, 142699
List the prime factors of 8737584.
2, 3, 29, 6277
List the prime factors of 19360767.
3, 79, 151, 541
What are the prime factors of 6309785?
5, 223, 5659
List the prime factors of 2227634.
2, 277, 4021
What are the prime factors of 1814844?
2, 3, 151237
What are the prime factors of 219316?
2, 54829
What are the prime factors of 592914?
2, 3, 7, 19, 743
What are the prime factors of 18221490?
2, 3, 5, 7, 31, 311
What are the prime factors of 5679825?
3, 5, 75731
List the prime factors of 6721614.
2, 3, 151, 2473
List the prime factors of 2304334.
2, 53, 21739
What are the prime factors of 2938389?
3, 283, 3461
What are the prime factors of 625667?
7, 89381
What are the prime factors of 253377?
3, 47, 599
What are the prime factors of 4169454?
2, 3, 17, 41, 997
List the prime factors of 242931.
3, 13, 6229
List the prime factors of 13763306.
2, 6881653
List the prime factors of 16861754.
2, 7, 13, 92647
List the prime factors of 4362802.
2, 337, 6473
What are the prime factors of 3716266?
2, 1858133
What are the prime factors of 427136?
2, 47, 71
What are the prime factors of 6744282?
2, 3, 61, 18427
List the prime factors of 31875187.
17, 1875011
What are the prime factors of 22452622?
2, 43, 261077
List the prime factors of 99341.
11, 821
What are the prime factors of 18151888?
2, 73, 15541
List the prime factors of 4769815.
5, 31, 30773
What are the prime factors of 272421?
3, 30269
What are the prime factors of 21314575?
5, 852583
What are the prime factors of 241111?
13, 17, 1091
What are the prime factors of 161111?
73, 2207
List the prime factors of 11549718.
2, 3, 211, 3041
List the prime factors of 739889.
37, 19997
What are the prime factors of 85049?
85049
What are the prime factors of 26628514?
2, 11, 1210387
What are the prime factors of 311726?
2, 155863
What are the prime factors of 187361?
187361
List the prime factors of 283715.
5, 179, 317
What are the prime factors of 85015?
5, 7, 347
List the prime factors of 9478792.
2, 17, 69697
List the prime factors of 136086.
2, 3, 37, 613
What are the prime factors of 1354278?
2, 3, 131, 1723
What are the prime factors of 167096?
2, 20887
What are the prime factors of 32465381?
13, 2497337
What are the prime factors of 173042?
2, 31, 2791
What are the prime factors of 34636?
2, 7, 1237
What are the prime factors of 861585?
3, 5, 71, 809
List the prime factors of 18035.
5, 3607
List the prime factors of 13370062.
2, 6685031
What are the prime factors of 3518054?
2, 1039, 1693
List the prime factors of 5774745.
3, 5, 367, 1049
What are the prime factors of 423276?
2, 3, 7, 5039
What are the prime factors of 2527804?
2, 163, 3877
What are the prime factors of 999663?
3, 7, 181, 263
What are the prime factors of 2933479?
2933479
What are the prime factors of 8174252?
2, 41, 49843
What are the prime factors of 32591689?
13, 151, 16603
What are the prime factors of 315724?
2, 17, 4643
What are the prime factors of 227517?
3, 181, 419
What are the prime factors of 2862544?
2, 178909
List the prime factors of 1223380.
2, 5, 61169
What are the prime factors of 1147146?
2, 3, 7, 11, 13, 191
What are the prime factors of 11408971?
7, 1629853
What are the prime factors of 2769167?
2769167
List the prime factors of 136485.
3, 5, 337
What are the prime factors of 4120244?
2, 1030061
List the prime factors of 1435881.
3, 478627
What are the prime factors of 748819?
748819
List the prime factors of 11812826.
2, 919, 6427
List the prime factors of 623517.
3, 307, 677
List the prime factors of 7735012.
2, 43, 44971
What are the prime factors of 12227220?
2, 3, 5, 22643
What are the prime factors of 2542897?
7, 363271
What are the prime factors of 250642?
2, 7, 17903
List the prime factors of 10137469.
19, 53, 10067
What are the prime factors of 1444932?
2, 3, 17, 787
What are the prime factors of 65000?
2, 5, 13
List the prime factors of 7244.
2, 1811
List the prime factors of 196815.
3, 5, 13121
List the prime factors of 2440329.
3, 813443
What are the prime factors of 11956984?
2, 13, 17, 6763
List the prime factors of 381929.
167, 2287
What are the prime factors of 433523?
19, 22817
What are the prime factors of 297737?
11, 27067
What are the prime factors of 708778?
2, 7, 50627
What are the prime factors of 658615?
5, 157, 839
What are the prime factors of 2194551?
3, 243839
List the prime factors of 14828763.
3, 4942921
List the prime factors of 69426.
2, 3, 7, 19, 29
List the prime factors of 167754.
2, 3, 73, 383
What are the prime factors of 6210794?
2, 1523, 2039
List the prime factors of 5151911.
199, 25889
List the prime factors of 3094764.
2, 3, 29, 8893
What are the prime factors of 126965?
5, 67, 379
What are the prime factors of 426074?
2, 11, 107, 181
List the prime factors of 300866.
2, 17, 8849
What are the prime 